 of 3968?
True
Does 72 divide 5976?
True
Is 3 a factor of 10526?
False
Does 16 divide 45008?
True
Is 130 a multiple of 2?
True
Is 7387 a multiple of 8?
False
Is 4664 a multiple of 16?
False
Is 2229 a multiple of 82?
False
Is 128 a factor of 33752?
False
Is 114 a factor of 78318?
True
Is 86 a multiple of 57?
False
Is 123 a factor of 10947?
True
Is 48 a multiple of 2?
True
Does 6 divide 836?
False
Is 2239 a multiple of 62?
False
Is 514 a multiple of 4?
False
Is 2431 a multiple of 13?
True
Is 10 a factor of 323?
False
Is 183 a multiple of 2?
False
Does 24 divide 1845?
False
Is 11 a factor of 255?
False
Is 7820 a multiple of 19?
False
Is 34 a factor of 181?
False
Does 56 divide 4823?
False
Does 32 divide 64?
True
Is 2431 a multiple of 22?
False
Is 107 a multiple of 6?
False
Is 4018 a multiple of 4?
False
Is 1221 a multiple of 22?
False
Does 8 divide 85?
False
Does 177 divide 28674?
True
Does 168 divide 31752?
True
Is 62 a multiple of 7?
False
Does 87 divide 70470?
True
Is 16 a factor of 976?
True
Does 6 divide 4884?
True
Is 5 a factor of 53?
False
Does 63 divide 4158?
True
Is 47 a factor of 885?
False
Does 15 divide 2368?
False
Is 74048 a multiple of 43?
False
Is 4563 a multiple of 28?
False
Is 89 a factor of 2759?
True
Is 9 a factor of 459?
True
Is 146 even?
True
Is 40 a factor of 3211?
False
Is 81 a factor of 19749?
False
Is 141 a factor of 15792?
True
Is 2043 a multiple of 15?
False
Is 29 a factor of 3364?
True
Does 141 divide 3187?
False
Is 51 a factor of 102?
True
Does 69 divide 3945?
False
Is 40100 a multiple of 50?
True
Is 17111 a multiple of 45?
False
Does 4 divide 137?
False
Does 5 divide 2394?
False
Is 15 a factor of 4755?
True
Is 22 a factor of 44?
True
Is 196 a factor of 8232?
True
Does 137 divide 15481?
True
Does 10 divide 60?
True
Is 5916 a multiple of 114?
False
Is 262 a factor of 2977?
False
Is 217 a factor of 35100?
False
Is 4 a factor of 2962?
False
Does 71 divide 1065?
True
Is 28116 a multiple of 105?
False
Is 2 a factor of 286?
True
Does 29 divide 977?
False
Is 15 a factor of 20864?
False
Does 44 divide 4355?
False
Does 8 divide 6696?
True
Is 344 a multiple of 8?
True
Does 149 divide 642?
False
Is 4 a factor of 6054?
False
Does 30 divide 600?
True
Is 8880 a multiple of 80?
True
Does 13 divide 273?
True
Does 123 divide 42127?
False
Is 51 a factor of 1321?
False
Is 50 a factor of 1083?
False
Does 76 divide 160?
False
Is 20959 a multiple of 41?
False
Is 536 a multiple of 8?
True
Is 68 a factor of 1373?
False
Is 1026 a multiple of 2?
True
Is 57 a factor of 6007?
False
Is 44 a factor of 924?
True
Is 11 a factor of 11000?
True
Is 23 a factor of 91411?
False
Does 9 divide 108?
True
Does 19 divide 14071?
False
Does 21 divide 37758?
True
Is 55530 a multiple of 18?
True
Does 13 divide 2205?
False
Does 34 divide 5916?
True
Is 17 a factor of 119?
True
Is 3265 a multiple of 43?
False
Does 8 divide 608?
True
Does 14 divide 586?
False
Is 10 a factor of 10885?
False
Does 7 divide 181?
False
Is 40 a factor of 360?
True
Does 28 divide 312?
False
Does 16 divide 2335?
False
Is 99 a factor of 31804?
False
Is 9982 a multiple of 7?
True
Does 10 divide 1497?
False
Does 3 divide 38?
False
Is 39 a factor of 780?
True
Is 3488 a multiple of 32?
True
Does 18 divide 1242?
True
Is 216 a multiple of 54?
True
Does 19 divide 3553?
True
Is 17 a factor of 26214?
True
Is 9 a factor of 135?
True
Is 314 a multiple of 6?
False
Does 13 divide 1221?
False
Is 54 a multiple of 18?
True
Is 546 a multiple of 91?
True
Does 11 divide 750?
False
Is 104 a factor of 33072?
True
Is 1425 a multiple of 25?
True
Is 9614 a multiple of 46?
True
Is 1191 a multiple of 14?
False
Does 312 divide 7488?
True
Is 24 a factor of 2256?
True
Is 15 a factor of 11220?
True
Is 4 a factor of 324?
True
Is 9 a factor of 342?
True
Is 2851 a multiple of 8?
False
Is 29 a factor of 233?
False
Is 26997 a multiple of 5?
False
Does 26 divide 26?
True
Is 4 a factor of 351?
False
Is 48 a factor of 785?
False
Is 560 a multiple of 80?
True
Does 79 divide 2528?
True
Is 16239 a multiple of 64?
False
Is 24 a factor of 22704?
True
Does 18 divide 1494?
True
Is 13 a factor of 291?
False
Is 138 a multiple of 114?
False
Is 38 a factor of 6764?
True
Is 143 a factor of 8128?
False
Does 10 divide 14275?
False
Does 24 divide 5395?
False
Does 14 divide 601?
False
Is 158 even?
True
Is 89 a multiple of 4?
False
Does 3 divide 404?
False
Does 56 divide 17406?
False
Does 327 divide 98570?
False
Does 9 divide 6381?
True
Is 30 a factor of 4074?
False
Does 30 divide 1897?
False
Is 15 a factor of 472?
False
Is 20800 a multiple of 160?
True
Is 2001 a multiple of 7?
False
Is 22 a factor of 7040?
True
Is 45 a factor of 2813?
False
Does 18 divide 6174?
True
Is 14718 a multiple of 6?
True
Does 6 divide 170?
False
Does 74 divide 1272?
False
Is 11544 a multiple of 78?
True
Is 40 a factor of 2172?
False
Is 8 a factor of 568?
True
Is 168 a multiple of 43?
False
Is 2461 a multiple of 5?
False
Is 14565 a multiple of 15?
True
Does 37 divide 442?
False
Is 18 a factor of 10176?
False
Is 29 a factor of 2465?
True
Does 28 divide 32365?
False
Is 6404 a multiple of 3?
False
Does 41 divide 697?
True
Is 22 a factor of 3278?
True
Does 73 divide 1606?
True
Is 61 a factor of 1765?
False
Does 37 divide 11005?
False
Is 9599 a multiple of 29?
True
Is 7072 a multiple of 13?
True
Is 4478 a multiple of 57?
False
Does 2 divide 734?
True
Is 26 a factor of 16634?
False
Is 17 a factor of 13504?
False
Does 14 divide 6370?
True
Is 1290 a multiple of 32?
False
Is 1729 a multiple of 13?
True
Is 59 a multiple of 2?
False
Is 22 a factor of 6556?
True
Is 17 a factor of 2601?
True
Is 28609 a multiple of 25?
False
Is 6 a factor of 2570?
False
Is 13 a factor of 175?
False
Is 91 a factor of 8099?
True
Is 1222 even?
True
Is 2280 a multiple of 19?
True
Does 21 divide 37422?
True
Is 1515 a multiple of 15?
True
Does 37 divide 518?
True
Is 14 a factor of 508?
False
Is 59 a factor of 5900?
True
Is 1816 a multiple of 21?
False
Does 9 divide 602?
False
Is 13432 a multiple of 23?
True
Is 1612 a multiple of 70?
False
Does 37 divide 3663?
True
Is 20405 a multiple of 77?
True
Does 61 divide 13167?
False
Is 73 a factor of 15622?
True
Is 14 a factor of 9520?
True
Does 86 divide 2407?
False
Is 34 a factor of 25602?
True
Is 10 a factor of 153?
False
Is 16143 a multiple of 14?
False
Is 195 a multiple of 8?
False
Does 136 divide 10660?
False
Does 5 divide 770?
True
Is 25 a factor of 83?
False
Is 23 a factor of 1702?
True
Is 3 a factor of 2088?
True
Does 19 divide 3336?
False
Is 43 a factor of 3221?
False
Is 61 a multiple of 16?
False
Is 21 a factor of 5922?
True
Is 1096 a multiple of 26?
False
Does 157 divide 23550?
True
Is 378 a multiple of 27?
True
Is 50445 a multiple of 57?
True
Is 8747 a multiple of 17?
False
Is 1287 a multiple of 12?
False
Is 3 a factor of 6696?
True
Does 16 divide 3696?
True
Does 14 divide 5586?
True
Is 30 a factor of 18472?
False
Is 71 a multiple of 5?
False
Is 27 a factor of 875?
False
Does 29 divide 4764?
False
Is 5586 a multiple of 14?
True
Is 540 a multiple of 30?
True
Is 15239 a multiple of 35?
False
Is 45 a factor of 1395?
True
Does 73 divide 56125?
False
Is 171 a multiple of 2?
False
Is 141 a multiple of 26?
False
Is 134 a factor of 40776?
False
Is 7 a factor of 581?
True
Is 27 a factor of 867?
False
Is 2002 a multiple of 11?
True
Is 27240 a multiple of 15?
True
Does 12 divide 704?
False
Is 3851 a multiple of 5?
False
Is 22 a factor of 220?
True
Is 176 a multiple of 22?
True
Is 25 a factor of 13191?
False
Does 213 divide 74024?
False
Is 7212 a multiple of 95?
False
Is 45 a factor of 900?
True
Is 56 a factor of 2688?
True
Is 13 a factor of 26?
True
Is 29 a factor of 3749?
False
Is 3 a factor of 9?
True
Does 3 divide 165?
True
Is 1889 a multiple of 5?
False
Is 2 a factor of 255?
False
Does 118 divide 2651?
False
Is 63318 a multiple of 183?
True
Is 72 a factor of 1029?
False
Is 2027 a multiple of 8?
False
Is 5 a factor of 575?
True
Is 3 a factor of 3636?
True
Does 16 divide 3786?
False
Is 1541 a multiple of 19?
False
Is 116 a factor of 3132?
True
Is 54 a factor of 14364?
True
Does 45 divide 2319?
False
Does 37 divide 3922?
True
Is 1440 a multiple of 32?
True
Does 40 divide 33507?
False
Is 14 a factor of 2031?
False
Is 40 a factor of 1426?
False
Is 278 a factor 